{"id":58,"date":"2023-03-05T17:46:36","date_gmt":"2023-03-05T16:46:36","guid":{"rendered":"https:\/\/www.cityapotheke.de\/wp-neu\/?page_id=58"},"modified":"2023-03-05T17:49:01","modified_gmt":"2023-03-05T16:49:01","slug":"kontakt","status":"publish","type":"page","link":"https:\/\/www.cityapotheke.de\/index.php\/kontakt\/","title":{"rendered":"Kontakt"},"content":{"rendered":"\n<div class=\"wp-block-columns is-layout-flex wp-container-core-columns-is-layout-9d6595d7 wp-block-columns-is-layout-flex\">\n<div class=\"wp-block-column is-layout-flow wp-block-column-is-layout-flow\" style=\"flex-basis:66.66%\">\n<p>Sie finden uns in der Fu\u00dfg\u00e4ngerzone Recklinghausens am Holzmarkt Nr. 1<br><br>Es gibt in unserer Umgebung mehrere Parkm\u00f6glichkeiten. Am einfachsten ist es seinen PKW im Parkhaus an der Engelsburg abzustellen und dann Richtung Marktplatz zu gehen. Unsere Apotheke befindet sich nach ca. 180 Metern auf der rechten Seite.<\/p>\n\n\n\n<p>Eine Anfahrt bei Google Maps finden Sie <a rel=\"noreferrer noopener\" href=\"https:\/\/www.google.com\/maps\/place\/City+Apotheke\/@51.614825,7.1974859,15z\/data=!4m5!3m4!1s0x0:0xeeea296651bd158d!8m2!3d51.614825!4d7.1974859\" target=\"_blank\">hier<\/a>. Sie verlassen dabei unser Webangebot.<\/p>\n<\/div>\n\n\n\n<div class=\"wp-block-column is-layout-flow wp-block-column-is-layout-flow\" style=\"flex-basis:33.33%\">\n<figure class=\"wp-block-image size-full\"><img loading=\"lazy\" decoding=\"async\" width=\"995\" height=\"518\" src=\"https:\/\/www.cityapotheke.de\/wp-neu\/wp-content\/uploads\/2023\/03\/parken-cityapotheke-recklinghausen.jpg\" alt=\"\" class=\"wp-image-61\" srcset=\"https:\/\/www.cityapotheke.de\/wp-content\/uploads\/2023\/03\/parken-cityapotheke-recklinghausen.jpg 995w, https:\/\/www.cityapotheke.de\/wp-content\/uploads\/2023\/03\/parken-cityapotheke-recklinghausen-300x156.jpg 300w, https:\/\/www.cityapotheke.de\/wp-content\/uploads\/2023\/03\/parken-cityapotheke-recklinghausen-768x400.jpg 768w\" sizes=\"auto, (max-width: 995px) 100vw, 995px\" \/><figcaption class=\"wp-element-caption\">Hier finden Sie uns in Recklinghausen<\/figcaption><\/figure>\n<\/div>\n<\/div>\n","protected":false},"excerpt":{"rendered":"<p>Sie finden uns in der Fu\u00dfg\u00e4ngerzone Recklinghausens am Holzmarkt Nr. 1 Es gibt in unserer Umgebung mehrere Parkm\u00f6glichkeiten. Am einfachsten ist es seinen PKW im Parkhaus an der Engelsburg abzustellen und dann Richtung Marktplatz zu gehen. Unsere Apotheke befindet sich nach ca. 180 Metern auf der rechten Seite. Eine Anfahrt bei Google Maps finden Sie [&hellip;]<\/p>\n","protected":false},"author":1,"featured_media":0,"parent":0,"menu_order":0,"comment_status":"closed","ping_status":"closed","template":"","meta":{"footnotes":""},"class_list":["post-58","page","type-page","status-publish","hentry"],"yoast_head":"<!-- This site is optimized with the Yoast SEO plugin v21.5 - https:\/\/yoast.com\/wordpress\/plugins\/seo\/ -->\n<title>Kontakt - City Apotheke Recklinghausen<\/title>\n<meta name=\"robots\" content=\"index, follow, max-snippet:-1, max-image-preview:large, max-video-preview:-1\" \/>\n<link rel=\"canonical\" href=\"https:\/\/www.cityapotheke.de\/index.php\/kontakt\/\" \/>\n<meta property=\"og:locale\" content=\"de_DE\" \/>\n<meta property=\"og:type\" content=\"article\" \/>\n<meta property=\"og:title\" content=\"Kontakt - City Apotheke Recklinghausen\" \/>\n<meta property=\"og:description\" content=\"Sie finden uns in der Fu\u00dfg\u00e4ngerzone Recklinghausens am Holzmarkt Nr. 1 Es gibt in unserer Umgebung mehrere Parkm\u00f6glichkeiten. Am einfachsten ist es seinen PKW im Parkhaus an der Engelsburg abzustellen und dann Richtung Marktplatz zu gehen. Unsere Apotheke befindet sich nach ca. 180 Metern auf der rechten Seite. Eine Anfahrt bei Google Maps finden Sie [&hellip;]\" \/>\n<meta property=\"og:url\" content=\"https:\/\/www.cityapotheke.de\/index.php\/kontakt\/\" \/>\n<meta property=\"og:site_name\" content=\"City Apotheke Recklinghausen\" \/>\n<meta property=\"article:modified_time\" content=\"2023-03-05T16:49:01+00:00\" \/>\n<meta property=\"og:image\" content=\"https:\/\/www.cityapotheke.de\/wp-neu\/wp-content\/uploads\/2023\/03\/parken-cityapotheke-recklinghausen.jpg\" \/>\n<meta name=\"twitter:card\" content=\"summary_large_image\" \/>\n<script type=\"application\/ld+json\" class=\"yoast-schema-graph\">{\"@context\":\"https:\/\/schema.org\",\"@graph\":[{\"@type\":\"WebPage\",\"@id\":\"https:\/\/www.cityapotheke.de\/index.php\/kontakt\/\",\"url\":\"https:\/\/www.cityapotheke.de\/index.php\/kontakt\/\",\"name\":\"Kontakt - City Apotheke Recklinghausen\",\"isPartOf\":{\"@id\":\"https:\/\/www.cityapotheke.de\/#website\"},\"datePublished\":\"2023-03-05T16:46:36+00:00\",\"dateModified\":\"2023-03-05T16:49:01+00:00\",\"breadcrumb\":{\"@id\":\"https:\/\/www.cityapotheke.de\/index.php\/kontakt\/#breadcrumb\"},\"inLanguage\":\"de\",\"potentialAction\":[{\"@type\":\"ReadAction\",\"target\":[\"https:\/\/www.cityapotheke.de\/index.php\/kontakt\/\"]}]},{\"@type\":\"BreadcrumbList\",\"@id\":\"https:\/\/www.cityapotheke.de\/index.php\/kontakt\/#breadcrumb\",\"itemListElement\":[{\"@type\":\"ListItem\",\"position\":1,\"name\":\"Startseite\",\"item\":\"https:\/\/www.cityapotheke.de\/\"},{\"@type\":\"ListItem\",\"position\":2,\"name\":\"Kontakt\"}]},{\"@type\":\"WebSite\",\"@id\":\"https:\/\/www.cityapotheke.de\/#website\",\"url\":\"https:\/\/www.cityapotheke.de\/\",\"name\":\"City Apotheke Recklinghausen\",\"description\":\"Die Apotheke mit Herz\",\"potentialAction\":[{\"@type\":\"SearchAction\",\"target\":{\"@type\":\"EntryPoint\",\"urlTemplate\":\"https:\/\/www.cityapotheke.de\/?s={search_term_string}\"},\"query-input\":\"required name=search_term_string\"}],\"inLanguage\":\"de\"}]}<\/script>\n<!-- \/ Yoast SEO plugin. -->","yoast_head_json":{"title":"Kontakt - City Apotheke Recklinghausen","robots":{"index":"index","follow":"follow","max-snippet":"max-snippet:-1","max-image-preview":"max-image-preview:large","max-video-preview":"max-video-preview:-1"},"canonical":"https:\/\/www.cityapotheke.de\/index.php\/kontakt\/","og_locale":"de_DE","og_type":"article","og_title":"Kontakt - City Apotheke Recklinghausen","og_description":"Sie finden uns in der Fu\u00dfg\u00e4ngerzone Recklinghausens am Holzmarkt Nr. 1 Es gibt in unserer Umgebung mehrere Parkm\u00f6glichkeiten. Am einfachsten ist es seinen PKW im Parkhaus an der Engelsburg abzustellen und dann Richtung Marktplatz zu gehen. Unsere Apotheke befindet sich nach ca. 180 Metern auf der rechten Seite. Eine Anfahrt bei Google Maps finden Sie [&hellip;]","og_url":"https:\/\/www.cityapotheke.de\/index.php\/kontakt\/","og_site_name":"City Apotheke Recklinghausen","article_modified_time":"2023-03-05T16:49:01+00:00","og_image":[{"url":"https:\/\/www.cityapotheke.de\/wp-neu\/wp-content\/uploads\/2023\/03\/parken-cityapotheke-recklinghausen.jpg"}],"twitter_card":"summary_large_image","schema":{"@context":"https:\/\/schema.org","@graph":[{"@type":"WebPage","@id":"https:\/\/www.cityapotheke.de\/index.php\/kontakt\/","url":"https:\/\/www.cityapotheke.de\/index.php\/kontakt\/","name":"Kontakt - City Apotheke Recklinghausen","isPartOf":{"@id":"https:\/\/www.cityapotheke.de\/#website"},"datePublished":"2023-03-05T16:46:36+00:00","dateModified":"2023-03-05T16:49:01+00:00","breadcrumb":{"@id":"https:\/\/www.cityapotheke.de\/index.php\/kontakt\/#breadcrumb"},"inLanguage":"de","potentialAction":[{"@type":"ReadAction","target":["https:\/\/www.cityapotheke.de\/index.php\/kontakt\/"]}]},{"@type":"BreadcrumbList","@id":"https:\/\/www.cityapotheke.de\/index.php\/kontakt\/#breadcrumb","itemListElement":[{"@type":"ListItem","position":1,"name":"Startseite","item":"https:\/\/www.cityapotheke.de\/"},{"@type":"ListItem","position":2,"name":"Kontakt"}]},{"@type":"WebSite","@id":"https:\/\/www.cityapotheke.de\/#website","url":"https:\/\/www.cityapotheke.de\/","name":"City Apotheke Recklinghausen","description":"Die Apotheke mit Herz","potentialAction":[{"@type":"SearchAction","target":{"@type":"EntryPoint","urlTemplate":"https:\/\/www.cityapotheke.de\/?s={search_term_string}"},"query-input":"required name=search_term_string"}],"inLanguage":"de"}]}},"_links":{"self":[{"href":"https:\/\/www.cityapotheke.de\/index.php\/wp-json\/wp\/v2\/pages\/58","targetHints":{"allow":["GET"]}}],"collection":[{"href":"https:\/\/www.cityapotheke.de\/index.php\/wp-json\/wp\/v2\/pages"}],"about":[{"href":"https:\/\/www.cityapotheke.de\/index.php\/wp-json\/wp\/v2\/types\/page"}],"author":[{"embeddable":true,"href":"https:\/\/www.cityapotheke.de\/index.php\/wp-json\/wp\/v2\/users\/1"}],"replies":[{"embeddable":true,"href":"https:\/\/www.cityapotheke.de\/index.php\/wp-json\/wp\/v2\/comments?post=58"}],"version-history":[{"count":3,"href":"https:\/\/www.cityapotheke.de\/index.php\/wp-json\/wp\/v2\/pages\/58\/revisions"}],"predecessor-version":[{"id":63,"href":"https:\/\/www.cityapotheke.de\/index.php\/wp-json\/wp\/v2\/pages\/58\/revisions\/63"}],"wp:attachment":[{"href":"https:\/\/www.cityapotheke.de\/index.php\/wp-json\/wp\/v2\/media?parent=58"}],"curies":[{"name":"wp","href":"https:\/\/api.w.org\/{rel}","templated":true}]}}